ulate the remainder when 651121 is divided by 439.
84
What is the remainder when 63717 is divided by 631?
617
Calculate the remainder when 42874 is divided by 42587.
287
Calculate the remainder when 1453466 is divided by 5746.
5474
Calculate the remainder when 972519 is divided by 682.
669
Calculate the remainder when 90765 is divided by 90746.
19
Calculate the remainder when 49744559 is divided by 7.
4
Calculate the remainder when 3376372 is divided by 227.
201
What is the remainder when 35350 is divided by 6570?
2500
Calculate the remainder when 666642 is divided by 218.
216
Calculate the remainder when 518836962 is divided by 172945653.
3
Calculate the remainder when 68845037 is divided by 176.
173
What is the remainder when 6076791 is divided by 2880?
2871
What is the remainder when 9122361 is divided by 217199?
3
Calculate the remainder when 2935351 is divided by 217.
209
What is the remainder when 14426807 is divided by 278?
275
What is the remainder when 15910869 is divided by 84?
9
Calculate the remainder when 19741262 is divided by 271.
267
What is the remainder when 258532 is divided by 182?
92
What is the remainder when 12512503 is divided by 565?
13
Calculate the remainder when 58394948 is divided by 9732485.
38
Calculate the remainder when 1624697 is divided by 25.
22
Calculate the remainder when 18111932 is divided by 29.
11
What is the remainder when 18690233 is divided by 81?
50
Calculate the remainder when 240417372 is divided by 109.
105
Calculate the remainder when 118430 is divided by 100.
30
What is the remainder when 352827 is divided by 894?
591
Calculate the remainder when 505935 is divided by 8422.
615
What is the remainder when 3061246 is divided by 910?
6
Calculate the remainder when 70781952 is divided by 38.
36
Calculate the remainder when 1127026 is divided by 1127.
26
What is the remainder when 803826632 is divided by 1153?
1152
Calculate the remainder when 47992446 is divided by 1562.
1558
Calculate the remainder when 688775 is divided by 28698.
23
Calculate the remainder when 55304062 is divided by 64.
62
What is the remainder when 495497 is divided by 495459?
38
Calculate the remainder when 1494165 is divided by 149415.
15
What is the remainder when 147748169 is divided by 186?
185
What is the remainder when 32936 is divided by 2087?
1631
Calculate the remainder when 6575814 is divided by 1095953.
96
What is the remainder when 3581445 is divided by 78?
75
Calculate the remainder when 108880 is divided by 1251.
43
Calculate the remainder when 67408398 is divided by 1531.
1530
Calculate the remainder when 1373740 is divided by 1139.
106
What is the remainder when 44112 is divided by 77?
68
Calculate the remainder when 64637804 is divided by 272.
268
Calculate the remainder when 34285 is divided by 229.
164
Calculate the remainder when 232090 is divided by 1589.
96
What is the remainder when 1145871 is divided by 190772?
1239
Calculate the remainder when 9519096 is divided by 4759541.
14
What is the remainder when 27403206 is divided by 913440?
6
What is the remainder when 17149917 is divided by 952773?
3
What is the remainder when 16295 is divided by 2025?
95
What is the remainder when 167618852 is divided by 3809?
3807
What is the remainder when 1328048 is divided by 221331?
62
What is the remainder when 19587364 is divided by 918?
916
Calculate the remainder when 266626249 is divided by 250.
249
What is the remainder when 19103780 is divided by 6?
2
Calculate the remainder when 80438 is divided by 791.
547
Calculate the remainder when 2122927 is divided by 66335.
207
What is the remainder when 26358 is divided by 1095?
78
What is the remainder when 26478721 is divided by 54?
37
Calculate the remainder when 180315 is divided by 2578.
2433
What is the remainder when 3390439 is divided by 22453?
36
Calculate the remainder when 16929810 is divided by 401.
392
Calculate the remainder when 112173007 is divided by 249.
1
Calculate the remainder when 124900 is divided by 8302.
370
Calculate the remainder when 81345 is divided by 765.
255
Calculate the remainder when 552847 is divided by 22.
9
What is the remainder when 60789699 is divided by 6667?
6660
Calculate the remainder when 84012 is divided by 322.
292
What is the remainder when 3895886 is divided by 1912?
1142
What is the remainder when 11530603 is divided by 130?
123
Calculate the remainder when 113134 is divided by 114.
46
What is the remainder when 677504 is divided by 84631?
456
What is the remainder when 45459024 is divided by 236?
232
Calculate the remainder when 35003195 is divided by 161305.
10
What is the remainder when 4298436 is divided by 186?
162
What is the remainder when 592650 is divided by 909?
891
What is the remainder when 61838 is divided by 1828?
1514
What is the remainder when 407629 is divided by 15?
4
Calculate the remainder when 591864790 is divided by 204.
202
Calculate the remainder when 75766 is divided by 56.
54
Calculate the remainder when 11782896 is divided by 3812.
4
What is the remainder when 3522303 is divided by 10035?
18
What is the remainder when 29281676 is divided by 268?
264
What is the remainder when 270055 is divided by 264489?
5566
Calculate the remainder when 12503 is divided by 4104.
191
What is the remainder when 1004493 is divided by 1222?
9
What is the remainder when 18102447 is divided by 1640?
127
Calculate the remainder when 690589 is divided by 1698.
1201
What is the remainder when 105606 is divided by 8120?
46
Calculate the remainder when 45754647 is divided by 6049.
11
What is the remainder when 9429705 is divided by 103?
55
What is the remainder when 252426 is divided by 126105?
216
Calculate the remainder when 7336103 is divided by 13.
8
What is the remainder when 19495 is divided by 638?
355
What is the remainder when 55946 is divided by 1316?
674
Calculate the remainder when 1935679 is divided by 241920.
319
Calculate the remainder when 1771121 is divided by 4439.
4399
What is the remainder when 775821 is divided by 28734?
3
What is the remainder when 11389028 is divided by 246?
212
What is the remainder when 159479 is divided by 255?
104
Calculate the remainder when 253271 is divided by 169.
109
What is the remainder when 437167 is divided by 36419?
139
Calculate the remainder when 150679 is divided by 8841.
382
Calculate the remainder when 13391260 is divided by 514.
18
Calculate the remainder when 95534 is divided by 630.
404
What is the remainder when 68978768 is divided by 79?
76
What is the remainder when 19092947 is divided by 294?
293
Calculate the remainder when 8243406 is divided by 2783.
160
What is the remainder when 7433418 is divided by 17?
15
What is the remainder when 495493 is divided by 8534?
521
Calculate the remainder when 12271 is divided by 4995.
2281
Calculate the remainder when 102234 is divided by 9020.
3014
What is the remainder when 10365 is divided by 3422?
99
What is the remainder when 6398645 is divided by 246099?
71
What is the remainder when 13410174 is divided by 32?
30
What is the remainder when 6753999 is divided by 266?
259
What is the remainder when 896706 is divided by 224176?
2
Calculate the remainder when 17275728 is divided by 19.
16
Calculate the remainder when 285867 is divided by 384.
171
Calculate the remainder when 1123619 is divided by 362.
333
Calculate the remainder when 1829041 is divided by 63.
25
Calculate the remainder when 2205802 is divided by 99.
82
What is the remainder when 3972941 is divided by 248308?
13
What is the remainder when 86364 is divided by 3627?
2943
What is the remainder when 61981 is divided by 30835?
311
What is the remainder when 1933701 is divided by 107427?
15
What is the remainder when 21039 is divided by 3304?
1215
Calculate the remainder when 56151 is divided by 56068.
83
Calculate the remainder when 10673 is divided by 2461.
829
What is the remainder when 90297879 is divided by 68?
67
Calculate the remainder when 195146 is divided by 39024.
26
What is the remainder when 54669 is divided by 54468?
201
What is the remainder when 69013196 is divided by 11502198?
8
Calculate the remainder when 186385 is divided by 92793.
799
Calculate the remainder when 4374634 is divided by 1458208.
10
Calculate the remainder when 129136